1)/3)/(-2). Let l = s - -3. Suppose -22 = -5*g + v, -l*g + 4*v + 5 = -15. What are the prime factors of g?
2
Suppose 5*v = 2*a + 55, 6*v - 45 = v + 4*a. Suppose -7 = -2*p - u + 6*u, 3*p - 5*u = v. What are the prime factors of p?
2, 3
Suppose -3 = -3*l - 0. Let h be -3 - (21/3 - l). Let d = h + 21. List the prime factors of d.
2, 3
Let n(j) = -j**3 - 1. Let v(p) = -3*p**3 + p**2 - p - 2. Let s(a) = 5*n(a) - 2*v(a). Let k be (1/(-2))/((15/(-5))/18). What are the prime factors of s(k)?
2, 7
Let n(q) = -q + 8. Let j be n(5). What are the prime factors of (-1)/(4/(-588)*j)?
7
Suppose 4*w = 6*w - 10. Suppose s + 24 = w*s. List the prime factors of s.
2, 3
Suppose 2*z + 2*z - 172 = 0. What are the prime factors of z?
43
Let m be -1 - 5*(1 - 2). Suppose -2*f + 2 = -3*a - 11, 5*f - m*a - 43 = 0. List the prime factors of f.
11
Suppose -4*b + 68 = -0*b. Let x = b - 0. List the prime factors of ((-2)/(-1) - x)*-1.
3, 5
List the prime factors of 3/4 + 165/4.
2, 3, 7
Let q(m) = -m**3 - m**2 + m - 6. Let d(b) = b**3 + 1. Let k(o) = 5*d(o) + q(o). List the prime factors of k(1).
3
Suppose -2 - 1 = 3*m, 0 = -3*b - 4*m + 1094. List the prime factors of b.
2, 3, 61
Let d(i) = 11*i**2. Let n be 5*4*2/(-5). Let c = -7 - n. What are the prime factors of d(c)?
11
Let t(g) = g. Let o be t(-3). Let v be -5*(o/(-1) - 4). Suppose -p - v = -5*l, -71 = -0*p - 5*p + l. What are the prime factors of p?
3, 5
What are the prime factors of (0 + -61 - 1)*3/(-6)?
31
Let b = 12 + -7. Suppose b*l = -16 + 6. List the prime factors of ((-60)/(-16))/(l/(-8)).
3, 5
Let b(g) = -5*g - 3. Let r be (-86)/18 + (-10)/45. List the prime factors of b(r).
2, 11
List the prime factors of ((-822)/(-9))/(13/39).
2, 137
Suppose -2*w - 1 = -9. Suppose -z + w*z = 0. Suppose 4*k + 19 - 71 = z. List the prime factors of k.
13
Let m = -215 - -353. What are the prime factors of m?
2, 3, 23
Suppose 0 = -2*a + 4*f - 16, -3*a = -f - 3*f + 20. Let w be (-18)/a + (-7)/14. Let l = 2 + w. What are the prime factors of l?
2, 3
Let y = -25 - -44. List the prime factors of y.
19
Suppose d = 5*d - 12. Suppose 4*k = -h - 3*h - 28, -5*h + d*k - 11 = 0. Let l(f) = -2*f + 4. List the prime factors of l(h).
2, 3
Let a(o) = -2*o - 5. Let x be a(-7). Let j(n) = -n**2 + 11*n - 10. List the prime factors of j(x).
2
Suppose 0 = 2*a + 29 - 115. What are the prime factors of a?
43
Let a(t) = t**3 - 9*t**2 + 11*t + 6. What are the prime factors of a(8)?
2, 3, 5
Let r = -5 + 7. Suppose 20 = r*y - 12. List the prime factors of y.
2
Suppose -5*s = 5*t - 185, -s - 109 = -4*s - t. What are the prime factors of s?
2, 3
Suppose -112 - 243 = -5*s. List the prime factors of s.
71
Let u(f) be the third derivative of f**5/60 + f**4/24 - f**3/6 + 2*f**2. Let v be u(0). Let z(g) = -8*g + 1. What are the prime factors of z(v)?
3
Let s(j) = 38*j**2. Let f = -8 - -9. What are the prime factors of s(f)?
2, 19
Let h be (-10)/35 - 10/14. Let n be -3 - (1 - 2/(-1)). Let v = h - n. List the prime factors of v.
5
Suppose 4*z - 66 = 2*z. Suppose 4*u + y = u + z, 2*y + 44 = 4*u. What are the prime factors of u?
11
Let d = 58 + -32. Let n = d + 1. What are the prime factors of n?
3
Suppose 4*u + 39 = 71. What are the prime factors of u?
2
Let h(y) = -7*y**3 - y**2 + y - 6. Let r(f) = -14*f**3 - 2*f**2 + 2*f - 11. Let o(d) = 11*h(d) - 6*r(d). What are the prime factors of o(1)?
7
Suppose -3*o - 63 + 381 = 0. List the prime factors of o.
2, 53
Let l(i) = -i**3 - 12*i**2 - 9*i + 1. List the prime factors of l(-12).
109
Let s(a) = a**2 - 3*a - 1. Let n be s(-4). Suppose -15 = 3*v, 4*x - 5*v - 26 = n. What are the prime factors of x?
7
Let h(v) = -v**2 + 22*v - 14. List the prime factors of h(14).
2, 7
Let a = -10 + 24. Suppose -i - 2*x = -2, 3*x = 3*i + x - a. List the prime factors of i.
2
Suppose 0 = -2*q - 0 + 2. Let v = 6 + q. What are the prime factors of v?
7
Let l(r) = r**2 + r - 2. Let k be l(0). What are the prime factors of 8*(2 + k/8)?
2, 7
Let a(k) = k**3 + 12*k**2 - 9*k - 14. List the prime factors of a(-6).
2
Let d be (0 - 0) + 3*7. Suppose 2*n - 101 = 5*c - 259, -5*c = 3*n - 163. Let z = c - d. What are the prime factors of z?
11
Let y be -2*(3 - 2 - 3). Suppose -3*d = 5*f - 0 - y, f = -5*d + 14. What are the prime factors of d?
3
Let y = 11 - 8. Suppose 0 = y*s + 1 - 7. Suppose -n + 2*b = b - 7, -7 = -n - s*b. List the prime factors of n.
7
Suppose 0*w + 43 = w. What are the prime factors of w?
43
Let j be (23/2)/((-1)/(-4)). Let h = j + -32. Suppose -2*k = -0*k - h. List the prime factors of k.
7
Suppose 5*p - 2*u = 1320, -4*p - 4*u + 1320 = p. List the prime factors of p.
2, 3, 11
What are the prime factors of 57 - (3 + 15/(-3))?
59
Suppose -5*d + 4*j = -150, j + 0*j = 3*d - 90. List the prime factors of d.
2, 3, 5
Let n be 75/(-2)*16/(-10). Suppose 4*t - n = 2*t - 2*o, 5*o = -10. List the prime factors of t.
2
Suppose 3*k - 95 = -5*c, -3 = 3*c - 6. What are the prime factors of k?
2, 3, 5
Let l(d) = d**3 - 6*d**2 + 7*d - 5. Suppose 0 = -4*z, -5*v + 3 = -5*z - 22. What are the prime factors of l(v)?
5
Let b be 6/(-9)*-3 + 8. Let r = b - 14. List the prime factors of r/((-8)/10) - -2.
7
What are the prime factors of -1 - ((-2)/(-11) - (-3370)/(-22))?
2, 19
Suppose -y = 2*q - 73 + 13, -2*y - 112 = -4*q. What are the prime factors of q?
29
Let p = -57 - -88. What are the prime factors of p?
31
Let r(q) = 7 - 4 + 6 - 11*q. Let n(h) = -6*h + 5. Let k(p) = 10*n(p) - 6*r(p). What are the prime factors of k(4)?
2, 5
Suppose -2*r + 5*d + 18 = -46, d = 4*r - 92. What are the prime factors of r?
2, 11
What are the prime factors of (-3369)/(-24) + (-39)/104?
2, 5, 7
Let s(m) = 2*m**2 + 22*m + 36. List the prime factors of s(-16).
2, 7
Suppose 0 = 3*c - c + 8. List the prime factors of 1/(-2) - 54/c.
13
Let j(t) = -5*t - 11. Let f(n) = -5*n - 10. Let m(x) = -6*f(x) + 5*j(x). What are the prime factors of m(5)?
2, 3, 5
Let n be 3 - (3 - 15/3). Suppose 1 = n*j - 14. List the prime factors of j.
3
List the prime factors of (-27)/108 - (-473)/4.
2, 59
Let g(m) be the third derivative of 0 - m**2 - 1/10*m**5 + 1/4*m**4 + 0*m + 5/6*m**3 + 1/120*m**6. List the prime factors of g(5).
2, 5
Let x be 8*-1*2/(-4). Let f be (x/(-1))/(0 - -1). What are the prime factors of (36/f)/((-2)/2)?
3
Suppose 5*a = 15, 0 = -x - 3*x - 4*a + 352. What are the prime factors of x?
5, 17
Suppose -9*a + 16 = -5*a. Suppose -15 = -a*m + 45. List the prime factors of m.
3, 5
Let a be (-52)/(-9) - 6/(-27). Let h(b) = -b + 6. Let g be h(a). Suppose -4*q = -g*q - 60. List the prime factors of q.
3, 5
Suppose 18 = l - 4*v, 2*l - 2*v - 36 = 3*v. List the prime factors of l.
2, 3
Let r = 5 - 3. Suppose -5*w + 70 = r*a, -2*a + 14 = w + 3*a. What are the prime factors of w?
2, 7
Let v(x) = -x**3 - x + 2. Let d be v(0). List the prime factors of 6*(5/d - 2).
3
Let c(v) = 7*v**2 - 2*v + 2. What are the prime factors of c(-2)?
2, 17
Suppose 3*g + 4*h = 7*h + 120, 5*h + 20 = 0. List the prime factors of g.
2, 3
Suppose -34 = -3*o + 38. Let g = o - 16. List the prime factors of g.
2
Let w(h) = -h**3 - 4*h**2 + 5. What are the prime factors of w(-4)?
5
Let p = 10 + -16. Let o = p + 8. Suppose -o*s - g = -s - 18, 2*g = 4*s - 54. What are the prime factors of s?
3, 5
Let v = -8 + 2. Let s = v + 9. What are the prime factors of s?
3
Let j be 320/18 + (-6)/(-27). Let q(w) = w**2 + 2*w - 2. Let d be q(5). Let l = d - j. What are the prime factors of l?
3, 5
Suppose 332 = 22*f - 18*f. What are the prime factors of f?
83
Suppose -4*h = 5*s - 325, 2*h = 3*s + 45 - 262. Suppose 5*b - 2*j + j = s, 2*b + 2*j = 18. List the prime factors of b.
13
Suppose 9 = 5*l + 4*x, 4*l + 3*x - 4 - 4 = 0. Suppose l*z = -f + 31, f - 4 = z + 9. List the prime factors of f.
2
Suppose -5*d + 5 = -5*v, -2*d = -v - 3*v + 2. Let g be (-6)/(-2 - (-3)/v). Let m = g + -5. List the prime factors of m.
7
Suppose -2*p + 12 = -2*w, -5*w + 7 = 5*p - 13. Let o be 87 + 2 + (-16)/(-4). Suppose -3*b = 4*i - 48, -5*i = -p*b - 2 - o. What are the prime factors of i?
3, 5
Let v be 2/6 - 38/6. Let t(p) be the first derivative of p**4/4 + 7*p**3/3 + 3*p**2 + 7*p + 3. What are the prime factors of t(v)?
7
Let l = 1 - 1. Suppose l = -y + z + 17, 4*y = -5*z + 68 + 9. List the prime factors of y.
2, 3
Suppose -3*d - 2*d - 3*c + 55 = 0, -5*d +